e prime factors of 100315146?
2, 3, 1783, 9377
List the prime factors of 603879.
3, 101, 1993
What are the prime factors of 102752737?
37, 577, 4813
What are the prime factors of 75045952?
2, 757, 1549
List the prime factors of 274353042.
2, 3, 45725507
What are the prime factors of 475729148?
2, 23, 233, 22193
List the prime factors of 258654507.
3, 17, 5071657
List the prime factors of 106591151.
487, 218873
What are the prime factors of 541774163?
7, 233, 353, 941
List the prime factors of 454413871.
13841, 32831
What are the prime factors of 20169778?
2, 31, 325319
What are the prime factors of 731299799?
241, 3034439
List the prime factors of 24780134.
2, 1783, 6949
What are the prime factors of 30393465?
3, 5, 23, 37, 2381
List the prime factors of 50915956.
2, 7, 13, 43, 3253
What are the prime factors of 711203743?
29, 1949, 12583
List the prime factors of 16148124.
2, 3, 617, 727
List the prime factors of 672747962.
2, 97, 3467773
List the prime factors of 4361700681.
3, 13, 157, 367, 647
List the prime factors of 642233089.
17, 719, 52543
What are the prime factors of 69575571?
3, 13, 198221
What are the prime factors of 1308699041?
13, 100669157
What are the prime factors of 47415191?
3259, 14549
What are the prime factors of 10606740?
2, 3, 5, 176779
List the prime factors of 39486721.
47, 71, 11833
List the prime factors of 8108552.
2, 1013569
What are the prime factors of 545785523?
545785523
What are the prime factors of 24000573?
3, 53, 271, 557
What are the prime factors of 1517539223?
149, 251, 40577
What are the prime factors of 151876402?
2, 17, 199, 22447
List the prime factors of 442653066.
2, 3, 8197279
What are the prime factors of 88237914?
2, 3, 14706319
List the prime factors of 3609510691.
37, 7873, 12391
List the prime factors of 596011661.
7, 85144523
What are the prime factors of 89549993?
13, 47, 146563
What are the prime factors of 238117595?
5, 19, 2506501
List the prime factors of 26071051.
37, 103, 6841
What are the prime factors of 230176615?
5, 53, 677, 1283
What are the prime factors of 222844997?
10949, 20353
What are the prime factors of 1013044152?
2, 3, 607, 69539
List the prime factors of 1181209790.
2, 5, 797, 148207
List the prime factors of 40435436.
2, 61, 165719
List the prime factors of 196717371.
3, 65572457
What are the prime factors of 396680998?
2, 7, 3049, 9293
List the prime factors of 1735485350.
2, 5, 34709707
What are the prime factors of 35633958?
2, 3, 5938993
What are the prime factors of 411217691?
1459, 281849
List the prime factors of 15895502.
2, 7, 61, 2659
What are the prime factors of 422000497?
5807, 72671
List the prime factors of 634669782.
2, 3, 6977, 15161
What are the prime factors of 38623208?
2, 13, 101, 3677
What are the prime factors of 2590253976?
2, 3, 107927249
List the prime factors of 42926352.
2, 3, 7, 18251
What are the prime factors of 44441860?
2, 5, 2222093
List the prime factors of 4391681666.
2, 9371, 234323
What are the prime factors of 1751469571?
19, 5419, 17011
What are the prime factors of 25364554?
2, 251, 50527
List the prime factors of 188139231.
3, 7, 277, 10781
List the prime factors of 1248111451.
107, 2339, 4987
List the prime factors of 23650044.
2, 3, 11, 179167
What are the prime factors of 1950763975?
5, 23, 3392633
What are the prime factors of 1726923?
3, 11, 43, 1217
List the prime factors of 76246068.
2, 3, 1747, 3637
What are the prime factors of 41655791?
83, 163, 3079
What are the prime factors of 30218164?
2, 43, 175687
List the prime factors of 2707517847.
3, 59, 15296711
What are the prime factors of 3308533?
3308533
List the prime factors of 1566137611.
1566137611
List the prime factors of 361254177.
3, 71, 565343
List the prime factors of 1084596795.
3, 5, 1297, 18583
What are the prime factors of 36539077?
41, 269, 3313
What are the prime factors of 253546254?
2, 3, 13, 71, 5087
What are the prime factors of 20924426?
2, 257, 40709
What are the prime factors of 287277457?
109, 929, 2837
List the prime factors of 93467014.
2, 46733507
List the prime factors of 251728744.
2, 23, 113, 12107
What are the prime factors of 220291110?
2, 3, 5, 13, 62761
What are the prime factors of 121647637?
71, 541, 3167
What are the prime factors of 28027246?
2, 13, 1077971
List the prime factors of 355617480.
2, 3, 5, 2963479
What are the prime factors of 85734332?
2, 17, 1260799
List the prime factors of 98406046.
2, 49203023
List the prime factors of 59292375.
3, 5, 158113
What are the prime factors of 1509287219?
11, 3119, 43991
List the prime factors of 41878745.
5, 23, 53, 6871
What are the prime factors of 291185515?
5, 58237103
List the prime factors of 1097036234.
2, 7, 78359731
List the prime factors of 1559124613.
173, 9012281
What are the prime factors of 195503423?
1303, 150041
What are the prime factors of 489011642?
2, 7, 521, 67043
What are the prime factors of 4025346984?
2, 3, 239, 233923
What are the prime factors of 5107292?
2, 53, 24091
List the prime factors of 624997858.
2, 37, 8445917
List the prime factors of 239660628.
2, 3, 17, 31, 37897
What are the prime factors of 7786903587?
3, 29191, 88919
What are the prime factors of 501675197?
501675197
What are the prime factors of 833955912?
2, 3, 1286969
List the prime factors of 482883134.
2, 3847, 62761
What are the prime factors of 6427287888?
2, 3, 7, 2957, 6469
What are the prime factors of 294143030?
2, 5, 29414303
What are the prime factors of 25739601?
3, 89, 149, 647
List the prime factors of 123276126.
2, 3, 569, 36109
What are the prime factors of 3625057?
151, 24007
What are the prime factors of 19200886?
2, 9600443
List the prime factors of 43393201.
43393201
List the prime factors of 8822660.
2, 5, 7, 11, 17, 337
What are the prime factors of 484222464?
2, 3, 11, 41, 233
What are the prime factors of 420628700?
2, 5, 59, 71293
What are the prime factors of 40869670?
2, 5, 4086967
What are the prime factors of 333210231?
3, 37023359
What are the prime factors of 364920410?
2, 5, 4229, 8629
What are the prime factors of 2898310375?
5, 23186483
What are the prime factors of 73996637?
11, 13, 517459
What are the prime factors of 1267056572?
2, 19, 877463
List the prime factors of 25746841.
25746841
List the prime factors of 1297760178.
2, 3, 11, 13, 17, 193, 461
What are the prime factors of 729536258?
2, 11, 33160739
What are the prime factors of 10757162?
2, 13, 413737
List the prime factors of 337127646.
2, 3, 17, 37, 89329
What are the prime factors of 2727676428?
2, 3, 227306369
What are the prime factors of 203799634?
2, 4657, 21881
What are the prime factors of 246792516?
2, 3, 37, 59, 9421
What are the prime factors of 103144937?
7, 37, 101, 3943
What are the prime factors of 132159437?
132159437
List the prime factors of 7366079.
7, 137, 7681
What are the prime factors of 1332454071?
3, 13, 233, 331, 443
List the prime factors of 422259207.
3, 37, 3804137
What are the prime factors of 1554351311?
419, 977, 3797
List the prime factors of 103714423.
127, 816649
What are the prime factors of 3292407770?
2, 5, 329240777
What are the prime factors of 108452971?
11, 9859361
What are the prime factors of 348100152?
2, 3, 229, 63337
What are the prime factors of 35334190?
2, 5, 73, 97, 499
List the prime factors of 96044342.
2, 1049, 45779
What are the prime factors of 37827883?
103, 367261
What are the prime factors of 75879601?
7, 10839943
List the prime factors of 291977091.
3, 7, 17, 272621
List the prime factors of 1756321033.
109, 1069, 15073
List the prime factors of 518995708.
2, 7, 11, 1685051
List the prime factors of 132441513.
3, 67, 658913
What are the prime factors of 630732685?
5, 11, 193, 59419
What are the prime factors of 16276555?
5, 3255311
What are the prime factors of 381036477?
3, 127012159
What are the prime factors of 113932747?
47, 101, 24001
What are the prime factors of 6157843009?
6157843009
List the prime factors of 672917059.
109, 6173551
List the prime factors of 4490510453.
11, 13, 31402171
What are the prime factors of 191369830?
2, 5, 1787, 10709
List the prime factors of 46860154.
2, 11, 23, 8419
List the prime factors of 16174652.
2, 13, 71, 337
What are the prime factors of 278289609?
3, 13, 17, 419743
List the prime fact